55326.
2, 3, 9221
List the prime factors of 1866.
2, 3, 311
What are the prime factors of 6281?
11, 571
What are the prime factors of 1421?
7, 29
List the prime factors of 22630.
2, 5, 31, 73
What are the prime factors of 67432?
2, 8429
What are the prime factors of 1435?
5, 7, 41
What are the prime factors of 4262?
2, 2131
List the prime factors of 38273.
38273
What are the prime factors of 4211?
4211
List the prime factors of 1863.
3, 23
What are the prime factors of 24421?
24421
What are the prime factors of 7065?
3, 5, 157
What are the prime factors of 882?
2, 3, 7
What are the prime factors of 15288?
2, 3, 7, 13
What are the prime factors of 5368?
2, 11, 61
List the prime factors of 3205.
5, 641
List the prime factors of 675.
3, 5
List the prime factors of 60304.
2, 3769
What are the prime factors of 12010?
2, 5, 1201
What are the prime factors of 39658?
2, 79, 251
List the prime factors of 748.
2, 11, 17
What are the prime factors of 3438?
2, 3, 191
What are the prime factors of 33397?
7, 13, 367
What are the prime factors of 2510?
2, 5, 251
List the prime factors of 5638.
2, 2819
List the prime factors of 2902.
2, 1451
What are the prime factors of 2990?
2, 5, 13, 23
What are the prime factors of 16802?
2, 31, 271
List the prime factors of 91665.
3, 5, 7, 97
List the prime factors of 5398.
2, 2699
What are the prime factors of 82594?
2, 61, 677
What are the prime factors of 931?
7, 19
What are the prime factors of 108844?
2, 27211
What are the prime factors of 6627?
3, 47
What are the prime factors of 1478?
2, 739
What are the prime factors of 1539?
3, 19
List the prime factors of 14629.
14629
What are the prime factors of 1810?
2, 5, 181
What are the prime factors of 3440?
2, 5, 43
What are the prime factors of 1675?
5, 67
What are the prime factors of 3944?
2, 17, 29
What are the prime factors of 179?
179
What are the prime factors of 431?
431
List the prime factors of 49047.
3, 16349
What are the prime factors of 21554?
2, 13, 829
List the prime factors of 19397.
7, 17, 163
List the prime factors of 12713.
12713
What are the prime factors of 7874?
2, 31, 127
What are the prime factors of 845?
5, 13
List the prime factors of 7733.
11, 19, 37
What are the prime factors of 4228?
2, 7, 151
List the prime factors of 6987.
3, 17, 137
What are the prime factors of 4218?
2, 3, 19, 37
List the prime factors of 5923.
5923
List the prime factors of 1198.
2, 599
List the prime factors of 4652.
2, 1163
List the prime factors of 24420.
2, 3, 5, 11, 37
What are the prime factors of 1623?
3, 541
What are the prime factors of 336?
2, 3, 7
What are the prime factors of 3138?
2, 3, 523
List the prime factors of 289.
17
List the prime factors of 1217.
1217
List the prime factors of 86099.
13, 37, 179
What are the prime factors of 2907?
3, 17, 19
List the prime factors of 2284.
2, 571
List the prime factors of 641.
641
List the prime factors of 22718.
2, 37, 307
What are the prime factors of 633?
3, 211
List the prime factors of 3261.
3, 1087
What are the prime factors of 48964?
2, 12241
List the prime factors of 29197.
7, 43, 97
List the prime factors of 8904.
2, 3, 7, 53
What are the prime factors of 7117?
11, 647
What are the prime factors of 1096?
2, 137
What are the prime factors of 3491?
3491
What are the prime factors of 993?
3, 331
List the prime factors of 2679.
3, 19, 47
List the prime factors of 1783.
1783
List the prime factors of 16392.
2, 3, 683
List the prime factors of 100469.
100469
What are the prime factors of 1592?
2, 199
What are the prime factors of 14304?
2, 3, 149
What are the prime factors of 60753?
3, 7, 11, 263
List the prime factors of 5806.
2, 2903
What are the prime factors of 34197?
3, 11399
List the prime factors of 46809.
3, 7, 743
What are the prime factors of 423?
3, 47
List the prime factors of 2745.
3, 5, 61
List the prime factors of 77464.
2, 23, 421
List the prime factors of 218.
2, 109
What are the prime factors of 1125?
3, 5
What are the prime factors of 605?
5, 11
List the prime factors of 44852.
2, 11213
List the prime factors of 78298.
2, 11, 3559
List the prime factors of 23980.
2, 5, 11, 109
List the prime factors of 10647.
3, 7, 13
What are the prime factors of 73206?
2, 3, 7, 83
List the prime factors of 1505.
5, 7, 43
What are the prime factors of 5910?
2, 3, 5, 197
What are the prime factors of 39490?
2, 5, 11, 359
What are the prime factors of 1293?
3, 431
What are the prime factors of 3287?
19, 173
What are the prime factors of 15565?
5, 11, 283
List the prime factors of 16624.
2, 1039
List the prime factors of 2459.
2459
What are the prime factors of 49009?
49009
What are the prime factors of 123064?
2, 15383
What are the prime factors of 9018?
2, 3, 167
List the prime factors of 5585.
5, 1117
What are the prime factors of 7048?
2, 881
List the prime factors of 406.
2, 7, 29
List the prime factors of 87613.
87613
What are the prime factors of 24906?
2, 3, 7, 593
What are the prime factors of 411?
3, 137
List the prime factors of 6113.
6113
What are the prime factors of 12580?
2, 5, 17, 37
List the prime factors of 1795.
5, 359
What are the prime factors of 1046?
2, 523
List the prime factors of 545.
5, 109
List the prime factors of 2542.
2, 31, 41
What are the prime factors of 666?
2, 3, 37
List the prime factors of 44142.
2, 3, 7, 1051
What are the prime factors of 998?
2, 499
What are the prime factors of 5702?
2, 2851
What are the prime factors of 4422?
2, 3, 11, 67
What are the prime factors of 952?
2, 7, 17
What are the prime factors of 18886?
2, 7, 19, 71
List the prime factors of 417.
3, 139
List the prime factors of 2610.
2, 3, 5, 29
List the prime factors of 14479.
14479
List the prime factors of 146406.
2, 3, 13, 1877
List the prime factors of 2735.
5, 547
What are the prime factors of 281?
281
What are the prime factors of 1907?
1907
What are the prime factors of 786?
2, 3, 131
List the prime factors of 166481.
7, 17, 1399
List the prime factors of 1060.
2, 5, 53
What are the prime factors of 11253?
3, 11, 31
List the prime factors of 3831.
3, 1277
What are the prime factors of 959?
7, 137
What are the prime factors of 60897?
3, 53, 383
List the prime factors of 79881.
3, 26627
What are the prime factors of 10446?
2, 3, 1741
List the prime factors of 2976.
2, 3, 31
List the prime factors of 828.
2, 3, 23
List the prime factors of 12343.
12343
What are the prime factors of 6241?
79
List the prime factors of 860.
2, 5, 43
List the prime factors of 558.
2, 3, 31
List the prime factors of 8630.
2, 5, 863
List the prime factors of 10778.
2, 17, 317
List the prime factors of 1095.
3, 5, 73
What are the prime factors of 1381?
1381
What are the prime factors of 13198?
2, 6599
List the prime factors of 786.
2, 3, 131
List the prime factors of 17323.
17, 1019
List the prime factors of 17899.
7, 2557
List the prime factors of 80058.
2, 3, 11, 1213
List the prime factors of 5054.
2, 7, 19
What are the prime factors of 3799?
29, 131
What are the prime factors of 326?
2, 163
List the prime factors of 9297.
3, 1033
What are the prime factors of 49027?
11, 4457
What are the prime factors of 5142?
2, 3, 857
What are the prime factors of 22616?
2, 11, 257
List the prime factors of 70324.
2, 17581
List the prime factors of 1341.
3, 149
List the prime factors of 439.
439
What are the prime factors of 421?
421
List the prime factors of 3187.
3187
List the prime factors of 3980.
2, 5, 199
List the prime factors of 3360.
2, 3, 5, 7
List the prime factors of 87090.
2, 3, 5, 2903
What are the prime factors of 1613?
1613
What are the prime factors of 1811?
1811
List the prime factors of 13188.
2, 3, 7, 157
What are the prime factors of 6681?
3, 17, 131
What are the prime factors of 1286?
2, 643
What are the prime factors of 13773?
3, 4591
List the prime factors of 3783.
3, 13, 97
What are the prime factors of 59854?
2, 29927
What are the prime factors of 32006?
2, 13, 1231
What are the prime factors of 2603?
19, 137
List the prime factors of 3492.
2, 3, 97
What are the prime factors of 3689?
7, 17, 31
What are the prime factors of 22081?
71, 311
List the prime factors of 3021.
3, 19, 53
List the prime factors of 15592.
2, 1949
What are the prime factors of 12913?
37, 349
List the prime factors of 1880.
2, 5, 47
